{"id":115,"date":"2017-11-15T17:51:16","date_gmt":"2017-11-15T23:51:16","guid":{"rendered":"http:\/\/tradex.mx\/manualidades\/veracruz\/?page_id=115"},"modified":"2025-10-28T17:03:41","modified_gmt":"2025-10-28T23:03:41","slug":"que-es","status":"publish","type":"page","link":"https:\/\/www.expomanualidades.info\/navidad\/que-es\/","title":{"rendered":"\u00bfQu\u00e9 es?"},"content":{"rendered":"<div class=\"wpb-content-wrapper\"><p>[vc_row 0=&#8221;&#8221; full_width=&#8221;stretch_row_content&#8221; equal_height=&#8221;yes&#8221; content_placement=&#8221;top&#8221; css=&#8221;.vc_custom_1727980266310{padding-top: 40px !important;}&#8221;][vc_column 0=&#8221;&#8221; width=&#8221;2\/3&#8243; css=&#8221;.vc_custom_1691147617186{padding-right: 60px !important;padding-left: 60px !important;}&#8221;][vc_column_text 0=&#8221;&#8221; css_animation=&#8221;fadeInDownBig&#8221; css=&#8221;&#8221;]<\/p>\n<p style=\"text-align: center;\"><span style=\"color: #d90202;\"><strong>Expo Manualidades y Navidad<\/strong> <\/span>conecta a las principales empresas, fabricantes, importadoras, distribuidoras, negocios y maestros de diferentes t\u00e9cnicas y materiales, con tiendas, promotores, apasionados de las artes manuales, as\u00ed como profesores y estudiantes de arte y dise\u00f1o.<\/p>\n<p>[\/vc_column_text][vc_row_inner][vc_column_inner width=&#8221;1\/2&#8243;][vc_custom_heading text=&#8221;Costo de Entrada&#8221; font_container=&#8221;tag:h3|font_size:20px|text_align:center|color:%23ffffff&#8221; use_theme_fonts=&#8221;yes&#8221; css_animation=&#8221;fadeInLeftBig&#8221; css=&#8221;.vc_custom_1761692619230{padding-top: 3px !important;padding-bottom: 3px !important;background-color: #5D923B !important;border-radius: 35px !important;}&#8221;][vc_column_text 0=&#8221;&#8221; css_animation=&#8221;fadeInLeftBig&#8221; css=&#8221;&#8221;]<\/p>\n<p style=\"text-align: center;\"><b>M\u00e1s informaci\u00f3n pr\u00f3ximamente<\/b><\/p>\n<p>[\/vc_column_text][\/vc_column_inner][vc_column_inner width=&#8221;1\/2&#8243;][vc_custom_heading text=&#8221;Horario&#8221; font_container=&#8221;tag:h3|font_size:20px|text_align:center|color:%23ffffff&#8221; use_theme_fonts=&#8221;yes&#8221; css_animation=&#8221;fadeInLeftBig&#8221; css=&#8221;.vc_custom_1761692586065{padding-top: 3px !important;padding-bottom: 3px !important;background-color: #5D923B !important;border-radius: 35px !important;}&#8221;][vc_column_text 0=&#8221;&#8221; css_animation=&#8221;fadeInLeftBig&#8221; css=&#8221;&#8221;]<\/p>\n<p style=\"text-align: center;\"><strong><span style=\"color: #d90202;\">Del Mi\u00e9rcoles 7 al <\/span><br \/>\n<span style=\"color: #d90202;\">S\u00e1bado 10 de Octubre 2026<\/span><br \/>\nDe 10:00 a 20:00 hrs.<\/strong><br \/>\nWorld Trade Center,<br \/>\nCiudad de M\u00e9xico<\/p>\n<p>[\/vc_column_text][\/vc_column_inner][\/vc_row_inner][\/vc_column][vc_column video_bg=&#8221;yes&#8221; video_bg_url=&#8221;https:\/\/www.youtube.com\/watch?v=yXwHyER82qk&#8221; css_animation=&#8221;fadeInRightBig&#8221; width=&#8221;1\/3&#8243; el_class=&#8221;videoBG&#8221;][\/vc_column][\/vc_row][vc_row full_width=&#8221;stretch_row&#8221; css=&#8221;.vc_custom_1691149247424{margin-top: 30px !important;margin-bottom: -20px !important;background-image: url(https:\/\/www.expomanualidades.info\/navidad\/wp-content\/uploads\/2023\/08\/SnowBG.jpg?id=14769) !important;background-position: center !important;background-repeat: no-repeat !important;background-size: cover !important;}&#8221; el_class=&#8221;exponen&#8221;][vc_column][vc_row_inner css=&#8221;.vc_custom_1691149177439{background-position: center !important;background-repeat: no-repeat !important;background-size: contain !important;}&#8221;][vc_column_inner width=&#8221;1\/4&#8243;][vc_single_image image=&#8221;14763&#8243; img_size=&#8221;full&#8221; css_animation=&#8221;zoomInDown&#8221; el_class=&#8221;ginger&#8221;][\/vc_column_inner][vc_column_inner width=&#8221;3\/4&#8243;][vc_column_text 0=&#8221;&#8221; css_animation=&#8221;lightSpeedIn&#8221;]<\/p>\n<h3 style=\"text-align: left;\">Encontrar\u00e1s proveedores y distribuidores de<\/h3>\n<p>[\/vc_column_text][vc_column_text 0=&#8221;&#8221;]<\/p>\n<ul class=\"expositores\">\n<li>\u00c1lbumes<\/li>\n<li>Artesan\u00edas<\/li>\n<li>Blancos<\/li>\n<li>Calcoman\u00edas<\/li>\n<li>Cer\u00e1mica<\/li>\n<li>Cester\u00eda<\/li>\n<li>Cintas<\/li>\n<li>Cortadores<\/li>\n<li>Cuentas<\/li>\n<li>Reposter\u00eda<\/li>\n<li>Encajes<\/li>\n<li>Esencias<\/li>\n<li>Estambres<\/li>\n<li>Estiletes<\/li>\n<li>Figuras de Vidrio<\/li>\n<li>Filigrana<\/li>\n<li>Fieltro<\/li>\n<li>Foami<\/li>\n<li>Globos<\/li>\n<li>Hilos<\/li>\n<li>Herramientas<\/li>\n<li>Joyer\u00eda<\/li>\n<li>Jabones<\/li>\n<li>Listones<\/li>\n<li>Manta<\/li>\n<li>Maquinaria<\/li>\n<li>Marcadores<\/li>\n<li>Miniaturas<\/li>\n<li>Madera<\/li>\n<li>Country<\/li>\n<li>Magn\u00e9ticos<\/li>\n<li>Mo\u00f1os<\/li>\n<li>Mu\u00f1ecas<\/li>\n<li>Pasta Flexible<\/li>\n<li>Pegamentos<\/li>\n<li>Peluche<\/li>\n<li>Perforadoras<\/li>\n<li>Pigmentos<\/li>\n<li>Pinceles<\/li>\n<li>Plantillas<\/li>\n<li>Pinturas<\/li>\n<li>Quilting<\/li>\n<li>Repujado<\/li>\n<li>Resinas<\/li>\n<li>Revistas Especializadas<\/li>\n<li>Servilletas<\/li>\n<li>Suajes<\/li>\n<li>Tarjeter\u00eda<\/li>\n<li>Telas<\/li>\n<li>Tijeras<\/li>\n<li>Tintas<\/li>\n<li>Tira\u00a0Bordada<\/li>\n<li>Unicel<\/li>\n<li>Velas<\/li>\n<li>Vitral<\/li>\n<li>Yute<\/li>\n<\/ul>\n<p>[\/vc_column_text][\/vc_column_inner][\/vc_row_inner][\/vc_column][\/vc_row]<\/p>\n<\/div>","protected":false},"excerpt":{"rendered":"<p>[vc_row 0=&#8221;&#8221; full_width=&#8221;stretch_row_content&#8221; equal_height=&#8221;yes&#8221; content_placement=&#8221;top&#8221; css=&#8221;.vc_custom_1727980266310{padding-top: 40px !important;}&#8221;][vc_column 0=&#8221;&#8221; width=&#8221;2\/3&#8243; css=&#8221;.vc_custom_1691147617186{padding-right: 60px !important;padding-left: 60px !important;}&#8221;][vc_column_text 0=&#8221;&#8221; css_animation=&#8221;fadeInDownBig&#8221; css=&#8221;&#8221;] Expo Manualidades y Navidad conecta a las principales empresas, fabricantes, importadoras, distribuidoras, negocios y maestros de diferentes t\u00e9cnicas y materiales, con tiendas, promotores, apasionados de las artes manuales, as\u00ed como profesores y estudiantes de arte y dise\u00f1o. [&hellip;]<\/p>\n","protected":false},"author":1,"featured_media":0,"parent":0,"menu_order":0,"comment_status":"closed","ping_status":"closed","template":"","meta":{"_monsterinsights_skip_tracking":false,"_monsterinsights_sitenote_active":false,"_monsterinsights_sitenote_note":"","_monsterinsights_sitenote_category":0,"site-sidebar-layout":"no-sidebar","site-content-layout":"plain-container","ast-site-content-layout":"default","site-content-style":"default","site-sidebar-style":"default","ast-global-header-display":"","ast-banner-title-visibility":"","ast-main-header-display":"","ast-hfb-above-header-display":"","ast-hfb-below-header-display":"","ast-hfb-mobile-header-display":"","site-post-title":"disabled","ast-breadcrumbs-content":"","ast-featured-img":"disabled","footer-sml-layout":"","theme-transparent-header-meta":"default","adv-header-id-meta":"","stick-header-meta":"","header-above-stick-meta":"","header-main-stick-meta":"","header-below-stick-meta":"","astra-migrate-meta-layouts":"set","ast-page-background-enabled":"default","ast-page-background-meta":{"desktop":{"background-color":"var(--ast-global-color-4)","background-image":"","background-repeat":"repeat","background-position":"center center","background-size":"auto","background-attachment":"scroll","background-type":"","background-media":"","overlay-type":"","overlay-color":"","overlay-opacity":"","overlay-gradient":""},"tablet":{"background-color":"","background-image":"","background-repeat":"repeat","background-position":"center center","background-size":"auto","background-attachment":"scroll","background-type":"","background-media":"","overlay-type":"","overlay-color":"","overlay-opacity":"","overlay-gradient":""},"mobile":{"background-color":"","background-image":"","background-repeat":"repeat","background-position":"center center","background-size":"auto","background-attachment":"scroll","background-type":"","background-media":"","overlay-type":"","overlay-color":"","overlay-opacity":"","overlay-gradient":""}},"ast-content-background-meta":{"desktop":{"background-color":"var(--ast-global-color-5)","background-image":"","background-repeat":"repeat","background-position":"center center","background-size":"auto","background-attachment":"scroll","background-type":"","background-media":"","overlay-type":"","overlay-color":"","overlay-opacity":"","overlay-gradient":""},"tablet":{"background-color":"var(--ast-global-color-5)","background-image":"","background-repeat":"repeat","background-position":"center center","background-size":"auto","background-attachment":"scroll","background-type":"","background-media":"","overlay-type":"","overlay-color":"","overlay-opacity":"","overlay-gradient":""},"mobile":{"background-color":"var(--ast-global-color-5)","background-image":"","background-repeat":"repeat","background-position":"center center","background-size":"auto","background-attachment":"scroll","background-type":"","background-media":"","overlay-type":"","overlay-color":"","overlay-opacity":"","overlay-gradient":""}},"footnotes":""},"class_list":["post-115","page","type-page","status-publish","hentry"],"yoast_head":"<!-- This site is optimized with the Yoast SEO plugin v27.3 - https:\/\/yoast.com\/product\/yoast-seo-wordpress\/ -->\n<title>\u00bfQu\u00e9 es? - Manualidades y Navidad<\/title>\n<meta name=\"robots\" content=\"index, follow, max-snippet:-1, max-image-preview:large, max-video-preview:-1\" \/>\n<link rel=\"canonical\" href=\"https:\/\/www.expomanualidades.info\/navidad\/que-es\/\" \/>\n<meta property=\"og:locale\" content=\"es_MX\" \/>\n<meta property=\"og:type\" content=\"article\" \/>\n<meta property=\"og:title\" content=\"\u00bfQu\u00e9 es? - Manualidades y Navidad\" \/>\n<meta property=\"og:description\" content=\"[vc_row 0=&#8221;&#8221; full_width=&#8221;stretch_row_content&#8221; equal_height=&#8221;yes&#8221; content_placement=&#8221;top&#8221; css=&#8221;.vc_custom_1727980266310{padding-top: 40px !important;}&#8221;][vc_column 0=&#8221;&#8221; width=&#8221;2\/3&#8243; css=&#8221;.vc_custom_1691147617186{padding-right: 60px !important;padding-left: 60px !important;}&#8221;][vc_column_text 0=&#8221;&#8221; css_animation=&#8221;fadeInDownBig&#8221; css=&#8221;&#8221;] Expo Manualidades y Navidad conecta a las principales empresas, fabricantes, importadoras, distribuidoras, negocios y maestros de diferentes t\u00e9cnicas y materiales, con tiendas, promotores, apasionados de las artes manuales, as\u00ed como profesores y estudiantes de arte y dise\u00f1o. [&hellip;]\" \/>\n<meta property=\"og:url\" content=\"https:\/\/www.expomanualidades.info\/navidad\/que-es\/\" \/>\n<meta property=\"og:site_name\" content=\"Manualidades y Navidad\" \/>\n<meta property=\"article:publisher\" content=\"https:\/\/www.facebook.com\/xpomanualidades\/\" \/>\n<meta property=\"article:modified_time\" content=\"2025-10-28T23:03:41+00:00\" \/>\n<meta name=\"twitter:card\" content=\"summary_large_image\" \/>\n<meta name=\"twitter:label1\" content=\"Tiempo de lectura\" \/>\n\t<meta name=\"twitter:data1\" content=\"2 minutos\" \/>\n<script type=\"application\/ld+json\" class=\"yoast-schema-graph\">{\"@context\":\"https:\\\/\\\/schema.org\",\"@graph\":[{\"@type\":\"WebPage\",\"@id\":\"https:\\\/\\\/www.expomanualidades.info\\\/navidad\\\/que-es\\\/\",\"url\":\"https:\\\/\\\/www.expomanualidades.info\\\/navidad\\\/que-es\\\/\",\"name\":\"\u00bfQu\u00e9 es? - Manualidades y Navidad\",\"isPartOf\":{\"@id\":\"https:\\\/\\\/www.expomanualidades.info\\\/navidad\\\/#website\"},\"datePublished\":\"2017-11-15T23:51:16+00:00\",\"dateModified\":\"2025-10-28T23:03:41+00:00\",\"breadcrumb\":{\"@id\":\"https:\\\/\\\/www.expomanualidades.info\\\/navidad\\\/que-es\\\/#breadcrumb\"},\"inLanguage\":\"es\",\"potentialAction\":[{\"@type\":\"ReadAction\",\"target\":[\"https:\\\/\\\/www.expomanualidades.info\\\/navidad\\\/que-es\\\/\"]}]},{\"@type\":\"BreadcrumbList\",\"@id\":\"https:\\\/\\\/www.expomanualidades.info\\\/navidad\\\/que-es\\\/#breadcrumb\",\"itemListElement\":[{\"@type\":\"ListItem\",\"position\":1,\"name\":\"Inicio\",\"item\":\"https:\\\/\\\/www.expomanualidades.info\\\/navidad\\\/\"},{\"@type\":\"ListItem\",\"position\":2,\"name\":\"\u00bfQu\u00e9 es?\"}]},{\"@type\":\"WebSite\",\"@id\":\"https:\\\/\\\/www.expomanualidades.info\\\/navidad\\\/#website\",\"url\":\"https:\\\/\\\/www.expomanualidades.info\\\/navidad\\\/\",\"name\":\"Manualidades y Navidad\",\"description\":\"Ac\u00e9rcate al mundo de las manualidades, donde podr\u00e1s adquirir insumos y herramientas para la elaboraci\u00f3n de distintas t\u00e9cnicas.\",\"publisher\":{\"@id\":\"https:\\\/\\\/www.expomanualidades.info\\\/navidad\\\/#organization\"},\"potentialAction\":[{\"@type\":\"SearchAction\",\"target\":{\"@type\":\"EntryPoint\",\"urlTemplate\":\"https:\\\/\\\/www.expomanualidades.info\\\/navidad\\\/?s={search_term_string}\"},\"query-input\":{\"@type\":\"PropertyValueSpecification\",\"valueRequired\":true,\"valueName\":\"search_term_string\"}}],\"inLanguage\":\"es\"},{\"@type\":\"Organization\",\"@id\":\"https:\\\/\\\/www.expomanualidades.info\\\/navidad\\\/#organization\",\"name\":\"Manualidades y Navidad\",\"url\":\"https:\\\/\\\/www.expomanualidades.info\\\/navidad\\\/\",\"logo\":{\"@type\":\"ImageObject\",\"inLanguage\":\"es\",\"@id\":\"https:\\\/\\\/www.expomanualidades.info\\\/navidad\\\/#\\\/schema\\\/logo\\\/image\\\/\",\"url\":\"https:\\\/\\\/www.expomanualidades.info\\\/navidad\\\/wp-content\\\/uploads\\\/2025\\\/10\\\/Expo-Manualidades-Navidad-10.png\",\"contentUrl\":\"https:\\\/\\\/www.expomanualidades.info\\\/navidad\\\/wp-content\\\/uploads\\\/2025\\\/10\\\/Expo-Manualidades-Navidad-10.png\",\"width\":1247,\"height\":332,\"caption\":\"Manualidades y Navidad\"},\"image\":{\"@id\":\"https:\\\/\\\/www.expomanualidades.info\\\/navidad\\\/#\\\/schema\\\/logo\\\/image\\\/\"},\"sameAs\":[\"https:\\\/\\\/www.facebook.com\\\/xpomanualidades\\\/\",\"https:\\\/\\\/www.instagram.com\\\/expomerceriaymanualidades\\\/\",\"https:\\\/\\\/www.youtube.com\\\/channel\\\/UCrl-kP24qbcrh1Ebk4RjK9A\",\"https:\\\/\\\/www.tiktok.com\\\/@merceriaymanualidades\",\"https:\\\/\\\/open.spotify.com\\\/show\\\/0eic79uV9YVcZ9bbRjVd0p\"]}]}<\/script>\n<!-- \/ Yoast SEO plugin. -->","yoast_head_json":{"title":"\u00bfQu\u00e9 es? - Manualidades y Navidad","robots":{"index":"index","follow":"follow","max-snippet":"max-snippet:-1","max-image-preview":"max-image-preview:large","max-video-preview":"max-video-preview:-1"},"canonical":"https:\/\/www.expomanualidades.info\/navidad\/que-es\/","og_locale":"es_MX","og_type":"article","og_title":"\u00bfQu\u00e9 es? - Manualidades y Navidad","og_description":"[vc_row 0=&#8221;&#8221; full_width=&#8221;stretch_row_content&#8221; equal_height=&#8221;yes&#8221; content_placement=&#8221;top&#8221; css=&#8221;.vc_custom_1727980266310{padding-top: 40px !important;}&#8221;][vc_column 0=&#8221;&#8221; width=&#8221;2\/3&#8243; css=&#8221;.vc_custom_1691147617186{padding-right: 60px !important;padding-left: 60px !important;}&#8221;][vc_column_text 0=&#8221;&#8221; css_animation=&#8221;fadeInDownBig&#8221; css=&#8221;&#8221;] Expo Manualidades y Navidad conecta a las principales empresas, fabricantes, importadoras, distribuidoras, negocios y maestros de diferentes t\u00e9cnicas y materiales, con tiendas, promotores, apasionados de las artes manuales, as\u00ed como profesores y estudiantes de arte y dise\u00f1o. [&hellip;]","og_url":"https:\/\/www.expomanualidades.info\/navidad\/que-es\/","og_site_name":"Manualidades y Navidad","article_publisher":"https:\/\/www.facebook.com\/xpomanualidades\/","article_modified_time":"2025-10-28T23:03:41+00:00","twitter_card":"summary_large_image","twitter_misc":{"Tiempo de lectura":"2 minutos"},"schema":{"@context":"https:\/\/schema.org","@graph":[{"@type":"WebPage","@id":"https:\/\/www.expomanualidades.info\/navidad\/que-es\/","url":"https:\/\/www.expomanualidades.info\/navidad\/que-es\/","name":"\u00bfQu\u00e9 es? - Manualidades y Navidad","isPartOf":{"@id":"https:\/\/www.expomanualidades.info\/navidad\/#website"},"datePublished":"2017-11-15T23:51:16+00:00","dateModified":"2025-10-28T23:03:41+00:00","breadcrumb":{"@id":"https:\/\/www.expomanualidades.info\/navidad\/que-es\/#breadcrumb"},"inLanguage":"es","potentialAction":[{"@type":"ReadAction","target":["https:\/\/www.expomanualidades.info\/navidad\/que-es\/"]}]},{"@type":"BreadcrumbList","@id":"https:\/\/www.expomanualidades.info\/navidad\/que-es\/#breadcrumb","itemListElement":[{"@type":"ListItem","position":1,"name":"Inicio","item":"https:\/\/www.expomanualidades.info\/navidad\/"},{"@type":"ListItem","position":2,"name":"\u00bfQu\u00e9 es?"}]},{"@type":"WebSite","@id":"https:\/\/www.expomanualidades.info\/navidad\/#website","url":"https:\/\/www.expomanualidades.info\/navidad\/","name":"Manualidades y Navidad","description":"Ac\u00e9rcate al mundo de las manualidades, donde podr\u00e1s adquirir insumos y herramientas para la elaboraci\u00f3n de distintas t\u00e9cnicas.","publisher":{"@id":"https:\/\/www.expomanualidades.info\/navidad\/#organization"},"potentialAction":[{"@type":"SearchAction","target":{"@type":"EntryPoint","urlTemplate":"https:\/\/www.expomanualidades.info\/navidad\/?s={search_term_string}"},"query-input":{"@type":"PropertyValueSpecification","valueRequired":true,"valueName":"search_term_string"}}],"inLanguage":"es"},{"@type":"Organization","@id":"https:\/\/www.expomanualidades.info\/navidad\/#organization","name":"Manualidades y Navidad","url":"https:\/\/www.expomanualidades.info\/navidad\/","logo":{"@type":"ImageObject","inLanguage":"es","@id":"https:\/\/www.expomanualidades.info\/navidad\/#\/schema\/logo\/image\/","url":"https:\/\/www.expomanualidades.info\/navidad\/wp-content\/uploads\/2025\/10\/Expo-Manualidades-Navidad-10.png","contentUrl":"https:\/\/www.expomanualidades.info\/navidad\/wp-content\/uploads\/2025\/10\/Expo-Manualidades-Navidad-10.png","width":1247,"height":332,"caption":"Manualidades y Navidad"},"image":{"@id":"https:\/\/www.expomanualidades.info\/navidad\/#\/schema\/logo\/image\/"},"sameAs":["https:\/\/www.facebook.com\/xpomanualidades\/","https:\/\/www.instagram.com\/expomerceriaymanualidades\/","https:\/\/www.youtube.com\/channel\/UCrl-kP24qbcrh1Ebk4RjK9A","https:\/\/www.tiktok.com\/@merceriaymanualidades","https:\/\/open.spotify.com\/show\/0eic79uV9YVcZ9bbRjVd0p"]}]}},"_links":{"self":[{"href":"https:\/\/www.expomanualidades.info\/navidad\/wp-json\/wp\/v2\/pages\/115","targetHints":{"allow":["GET"]}}],"collection":[{"href":"https:\/\/www.expomanualidades.info\/navidad\/wp-json\/wp\/v2\/pages"}],"about":[{"href":"https:\/\/www.expomanualidades.info\/navidad\/wp-json\/wp\/v2\/types\/page"}],"author":[{"embeddable":true,"href":"https:\/\/www.expomanualidades.info\/navidad\/wp-json\/wp\/v2\/users\/1"}],"replies":[{"embeddable":true,"href":"https:\/\/www.expomanualidades.info\/navidad\/wp-json\/wp\/v2\/comments?post=115"}],"version-history":[{"count":129,"href":"https:\/\/www.expomanualidades.info\/navidad\/wp-json\/wp\/v2\/pages\/115\/revisions"}],"predecessor-version":[{"id":16879,"href":"https:\/\/www.expomanualidades.info\/navidad\/wp-json\/wp\/v2\/pages\/115\/revisions\/16879"}],"wp:attachment":[{"href":"https:\/\/www.expomanualidades.info\/navidad\/wp-json\/wp\/v2\/media?parent=115"}],"curies":[{"name":"wp","href":"https:\/\/api.w.org\/{rel}","templated":true}]}}