{"id":27348,"date":"2024-07-04T14:07:19","date_gmt":"2024-07-04T20:07:19","guid":{"rendered":"https:\/\/www.expomanualidades.info\/guadalajara\/?page_id=27348"},"modified":"2025-06-02T14:01:12","modified_gmt":"2025-06-02T20:01:12","slug":"gana-un-viaje-a-manualidades-y-navidad","status":"publish","type":"page","link":"https:\/\/www.expomanualidades.info\/guadalajara\/gana-un-viaje-a-manualidades-y-navidad\/","title":{"rendered":"Gana un viaje a Manualidades y Navidad"},"content":{"rendered":"<div class=\"wpb-content-wrapper\"><p>[vc_row full_width=&#8221;stretch_row_content_no_spaces&#8221; css=&#8221;.vc_custom_1748894322418{margin-top: -35px !important;margin-bottom: 0px !important;padding-top: 0px !important;padding-bottom: 0px !important;}&#8221; el_class=&#8221;deskView&#8221;][vc_column css=&#8221;.vc_custom_1720125230353{margin-top: 0px !important;margin-bottom: 0px !important;padding-top: 0px !important;padding-bottom: 0px !important;}&#8221;][vc_single_image image=&#8221;27745&#8243; img_size=&#8221;full&#8221; alignment=&#8221;center&#8221; onclick=&#8221;custom_link&#8221; img_link_target=&#8221;_blank&#8221; css=&#8221;.vc_custom_1748894006952{margin-top: 0px !important;margin-bottom: 0px !important;padding-top: 0px !important;padding-bottom: 0px !important;}&#8221; link=&#8221;https:\/\/manualidadesgdl.registrotradex.com\/index&#8221;][\/vc_column][\/vc_row][vc_row full_width=&#8221;stretch_row_content_no_spaces&#8221; css=&#8221;.vc_custom_1748894470194{margin-bottom: 0px !important;padding-top: 0px !important;padding-bottom: 0px !important;}&#8221; el_class=&#8221;mobileView&#8221;][vc_column css=&#8221;.vc_custom_1720125230353{margin-top: 0px !important;margin-bottom: 0px !important;padding-top: 0px !important;padding-bottom: 0px !important;}&#8221;][vc_single_image image=&#8221;27744&#8243; img_size=&#8221;full&#8221; alignment=&#8221;center&#8221; onclick=&#8221;custom_link&#8221; img_link_target=&#8221;_blank&#8221; css=&#8221;.vc_custom_1748894347337{margin-top: 0px !important;margin-bottom: 0px !important;padding-top: 0px !important;padding-bottom: 0px !important;}&#8221; link=&#8221;https:\/\/manualidadesgdl.registrotradex.com\/index&#8221;][\/vc_column][\/vc_row][vc_row full_width=&#8221;stretch_row_content&#8221; css=&#8221;.vc_custom_1720123589936{background-color: #61d1e0 !important;}&#8221;][vc_column][vc_btn title=&#8221;COMPRA TU BOLETO AQU\u00cd&#8221; style=&#8221;3d&#8221; shape=&#8221;round&#8221; color=&#8221;white&#8221; size=&#8221;lg&#8221; align=&#8221;center&#8221; i_icon_fontawesome=&#8221;&#8221; css=&#8221;&#8221; add_icon=&#8221;true&#8221; link=&#8221;url:https%3A%2F%2Fmanualidadesgdl.registrotradex.com%2Findex|target:_blank&#8221;][\/vc_column][\/vc_row][vc_row][vc_column][vc_column_text css=&#8221;&#8221;]<\/p>\n<h3 style=\"text-align: center;\">26 a\u00f1os Expo Mercer\u00eda y Manualidades Guadalajara<\/h3>\n<p style=\"text-align: center;\"><strong>Celebra con nosotros la 26\u00aa Edici\u00f3n de Expo Mercer\u00eda y Manualidades<br \/>\nReg\u00edstrate en l\u00ednea y participa para ganar un viaje redondo y hospedaje a CDMX para asistir a Manualidades y Navidad, del 8 al 11 de octubre en CIEC-WTC, CDMX<\/strong><\/p>\n<p>[\/vc_column_text][vc_btn title=&#8221;COMPRA TU BOLETO AQU\u00cd&#8221; style=&#8221;3d&#8221; shape=&#8221;round&#8221; color=&#8221;turquoise&#8221; size=&#8221;lg&#8221; align=&#8221;center&#8221; i_icon_fontawesome=&#8221;fas fa-ticket-alt&#8221; css=&#8221;.vc_custom_1720125136909{margin-bottom: 40px !important;}&#8221; add_icon=&#8221;true&#8221; link=&#8221;url:https%3A%2F%2Fmanualidadesgdl.registrotradex.com%2F|target:_blank&#8221;][vc_row_inner][vc_column_inner width=&#8221;1\/2&#8243;][vc_custom_heading text=&#8221;BASES DE PARTICIPACI\u00d3N&#8221; font_container=&#8221;tag:h3|font_size:26PX|text_align:center|color:%23ffffff|line_height:1.2&#8243; google_fonts=&#8221;font_family:Montserrat%3Aregular%2C700|font_style:700%20bold%20regular%3A700%3Anormal&#8221; css=&#8221;.vc_custom_1720124439911{padding-top: 6px !important;padding-bottom: 6px !important;background-color: #995ce0 !important;border-radius: 35px !important;}&#8221;][vc_column_text css=&#8221;&#8221;]<\/p>\n<ul>\n<li><strong>Reg\u00edstrate<\/strong> en el siguiente link <a href=\"https:\/\/manualidadesgdl.registrotradex.com\" target=\"_blank\" rel=\"noopener\">https:\/\/manualidadesgdl.registrotradex.com<\/a><\/li>\n<li><strong>Paga en l\u00ednea<\/strong>.<br \/>\nPresenta tu comprobante en el M\u00f3dulo de Pago en l\u00ednea, obt\u00e9n tu boleto para la rifa del viaje y depos\u00edtalo en la urna en la expo<\/li>\n<li><strong>Asiste a Expo Mercer\u00eda y Manualidades Guadalajara<\/strong><br \/>\nDel 21 al 23 de agosto en Expo Guadalajara.<br \/>\nAv. Mariano Otero 1499, Verde Valle, 44550 Guadalajara, Jalisco<\/li>\n<li><strong>La rifa se llevar\u00e1 a cabo el s\u00e1bado 23 de agosto a las 19:00 hrs<\/strong> dentro de la Expo mediante un live en nuestras redes sociales. Por lo que nos contactaremos con el\/la ganador@ al finalizar el evento.<\/li>\n<li><strong>Se elegir\u00e1n tres posibles ganadores.<\/strong> Si pasadas 72 horas de contactarnos con la primera persona ganadora no obtenemos respuesta, el premio se otorgar\u00e1 a la segunda persona, si esta no responde en el tiempo estimado, el premio se conceder\u00e1 a la tercera persona. Cualquiera de estas que reciba el premio deber\u00e1 identificarse para validar su informaci\u00f3n.<\/li>\n<\/ul>\n<p>[\/vc_column_text][\/vc_column_inner][vc_column_inner width=&#8221;1\/2&#8243;][vc_custom_heading text=&#8221;EL PREMIO INCLUYE&#8221; font_container=&#8221;tag:h3|font_size:26PX|text_align:center|color:%23ffffff|line_height:1.2&#8243; google_fonts=&#8221;font_family:Montserrat%3Aregular%2C700|font_style:700%20bold%20regular%3A700%3Anormal&#8221; css=&#8221;.vc_custom_1720124457799{padding-top: 6px !important;padding-bottom: 6px !important;background-color: #995ce0 !important;border-radius: 35px !important;}&#8221;][vc_column_text css=&#8221;&#8221;]<\/p>\n<ul>\n<li>Viaje redondo GDL- CDMX- GDL para 2 personas<\/li>\n<li>Vi\u00e1ticos<\/li>\n<li>1 noche en habitaci\u00f3n doble<\/li>\n<li>Entrada para 2 d\u00edas para 2 personas a Manualidades y Navidad del 8 al 11 de octubre en CIEC-WTC, CDMX<\/li>\n<\/ul>\n<p>[\/vc_column_text][vc_custom_heading text=&#8221;RESTRICCIONES&#8221; font_container=&#8221;tag:h3|font_size:26PX|text_align:center|color:%23ffffff|line_height:1.2&#8243; google_fonts=&#8221;font_family:Montserrat%3Aregular%2C700|font_style:700%20bold%20regular%3A700%3Anormal&#8221; css=&#8221;.vc_custom_1720124470072{padding-top: 6px !important;padding-bottom: 6px !important;background-color: #995ce0 !important;border-radius: 35px !important;}&#8221;][vc_column_text css=&#8221;&#8221;]<\/p>\n<ul>\n<li>S\u00f3lo podr\u00e1n participar los pagos en l\u00ednea realizados hasta el 23 de Agosto 2025 a las 2:00pm.<\/li>\n<li>El boleto para participar es v\u00e1lido por un registro sin importar el n\u00famero de entradas que hayan comprado<\/li>\n<li>La persona ganadora deber\u00e1 haber asistido a la Expo en cualquiera de los d\u00edas en que se realiza (21 a 23 de agosto del 2025)<\/li>\n<li>La persona ganadora deber\u00e1 ser mayor de edad y contar con identificaci\u00f3n que lo valide<\/li>\n<li>Los boletos son intransferibles y una vez recabada la informaci\u00f3n requerida, no se podr\u00e1 realizar ninguna modificaci\u00f3n de acompa\u00f1ante<\/li>\n<\/ul>\n<p>[\/vc_column_text][\/vc_column_inner][\/vc_row_inner][vc_btn title=&#8221;COMPRA TU BOLETO AQU\u00cd&#8221; style=&#8221;3d&#8221; shape=&#8221;round&#8221; color=&#8221;turquoise&#8221; size=&#8221;lg&#8221; align=&#8221;center&#8221; i_icon_fontawesome=&#8221;&#8221; css=&#8221;.vc_custom_1748894082453{margin-top: 10px !important;margin-bottom: 30px !important;}&#8221; add_icon=&#8221;true&#8221; link=&#8221;url:https%3A%2F%2Fmanualidadesgdl.registrotradex.com%2F|target:_blank&#8221;][\/vc_column][\/vc_row]<\/p>\n<\/div>","protected":false},"excerpt":{"rendered":"<p>[vc_row full_width=&#8221;stretch_row_content_no_spaces&#8221; css=&#8221;.vc_custom_1748894322418{margin-top: -35px !important;margin-bottom: 0px !important;padding-top: 0px !important;padding-bottom: 0px !important;}&#8221; el_class=&#8221;deskView&#8221;][vc_column css=&#8221;.vc_custom_1720125230353{margin-top: 0px !important;margin-bottom: 0px !important;padding-top: 0px !important;padding-bottom: 0px !important;}&#8221;][vc_single_image image=&#8221;27745&#8243; img_size=&#8221;full&#8221; alignment=&#8221;center&#8221; onclick=&#8221;custom_link&#8221; img_link_target=&#8221;_blank&#8221; css=&#8221;.vc_custom_1748894006952{margin-top: 0px !important;margin-bottom: 0px [&hellip;]<\/p>\n","protected":false},"author":1,"featured_media":0,"parent":0,"menu_order":0,"comment_status":"closed","ping_status":"closed","template":"","meta":{"_monsterinsights_skip_tracking":false,"_monsterinsights_sitenote_active":false,"_monsterinsights_sitenote_note":"","_monsterinsights_sitenote_category":0,"site-sidebar-layout":"no-sidebar","site-content-layout":"plain-container","ast-site-content-layout":"normal-width-container","site-content-style":"unboxed","site-sidebar-style":"unboxed","ast-global-header-display":"","ast-banner-title-visibility":"","ast-main-header-display":"","ast-hfb-above-header-display":"","ast-hfb-below-header-display":"","ast-hfb-mobile-header-display":"","site-post-title":"disabled","ast-breadcrumbs-content":"","ast-featured-img":"disabled","footer-sml-layout":"","theme-transparent-header-meta":"default","adv-header-id-meta":"","stick-header-meta":"","header-above-stick-meta":"","header-main-stick-meta":"","header-below-stick-meta":"","astra-migrate-meta-layouts":"set","ast-page-background-enabled":"default","ast-page-background-meta":{"desktop":{"background-color":"var(--ast-global-color-4)","background-image":"","background-repeat":"repeat","background-position":"center center","background-size":"auto","background-attachment":"scroll","background-type":"","background-media":"","overlay-type":"","overlay-color":"","overlay-opacity":"","overlay-gradient":""},"tablet":{"background-color":"","background-image":"","background-repeat":"repeat","background-position":"center center","background-size":"auto","background-attachment":"scroll","background-type":"","background-media":"","overlay-type":"","overlay-color":"","overlay-opacity":"","overlay-gradient":""},"mobile":{"background-color":"","background-image":"","background-repeat":"repeat","background-position":"center center","background-size":"auto","background-attachment":"scroll","background-type":"","background-media":"","overlay-type":"","overlay-color":"","overlay-opacity":"","overlay-gradient":""}},"ast-content-background-meta":{"desktop":{"background-color":"var(--ast-global-color-5)","background-image":"","background-repeat":"repeat","background-position":"center center","background-size":"auto","background-attachment":"scroll","background-type":"","background-media":"","overlay-type":"","overlay-color":"","overlay-opacity":"","overlay-gradient":""},"tablet":{"background-color":"var(--ast-global-color-5)","background-image":"","background-repeat":"repeat","background-position":"center center","background-size":"auto","background-attachment":"scroll","background-type":"","background-media":"","overlay-type":"","overlay-color":"","overlay-opacity":"","overlay-gradient":""},"mobile":{"background-color":"var(--ast-global-color-5)","background-image":"","background-repeat":"repeat","background-position":"center center","background-size":"auto","background-attachment":"scroll","background-type":"","background-media":"","overlay-type":"","overlay-color":"","overlay-opacity":"","overlay-gradient":""}},"_price":"","_stock":"","_tribe_ticket_header":"","_tribe_default_ticket_provider":"","_tribe_ticket_capacity":"0","_ticket_start_date":"","_ticket_end_date":"","_tribe_ticket_show_description":"","_tribe_ticket_show_not_going":false,"_tribe_ticket_use_global_stock":"","_tribe_ticket_global_stock_level":"","_global_stock_mode":"","_global_stock_cap":"","_tribe_rsvp_for_event":"","_tribe_ticket_going_count":"","_tribe_ticket_not_going_count":"","_tribe_tickets_list":"[]","_tribe_ticket_has_attendee_info_fields":false,"footnotes":"","_tec_slr_enabled":"","_tec_slr_layout":""},"class_list":["post-27348","page","type-page","status-publish","hentry"],"ticketed":false,"_links":{"self":[{"href":"https:\/\/www.expomanualidades.info\/guadalajara\/wp-json\/wp\/v2\/pages\/27348","targetHints":{"allow":["GET"]}}],"collection":[{"href":"https:\/\/www.expomanualidades.info\/guadalajara\/wp-json\/wp\/v2\/pages"}],"about":[{"href":"https:\/\/www.expomanualidades.info\/guadalajara\/wp-json\/wp\/v2\/types\/page"}],"author":[{"embeddable":true,"href":"https:\/\/www.expomanualidades.info\/guadalajara\/wp-json\/wp\/v2\/users\/1"}],"replies":[{"embeddable":true,"href":"https:\/\/www.expomanualidades.info\/guadalajara\/wp-json\/wp\/v2\/comments?post=27348"}],"version-history":[{"count":0,"href":"https:\/\/www.expomanualidades.info\/guadalajara\/wp-json\/wp\/v2\/pages\/27348\/revisions"}],"wp:attachment":[{"href":"https:\/\/www.expomanualidades.info\/guadalajara\/wp-json\/wp\/v2\/media?parent=27348"}],"curies":[{"name":"wp","href":"https:\/\/api.w.org\/{rel}","templated":true}]}}