{"id":27093,"date":"2024-05-31T14:35:16","date_gmt":"2024-05-31T20:35:16","guid":{"rendered":"https:\/\/www.expomanualidades.info\/guadalajara\/?page_id=27093"},"modified":"2024-05-31T14:35:16","modified_gmt":"2024-05-31T20:35:16","slug":"aviso-legal-ella-emprende","status":"publish","type":"page","link":"https:\/\/www.expomanualidades.info\/guadalajara\/aviso-legal-ella-emprende\/","title":{"rendered":"Aviso Legal &#8220;Ella Emprende&#8221;"},"content":{"rendered":"<div class=\"wpb-content-wrapper\"><p>[vc_row][vc_column][vc_column_text]<\/p>\n<p class=\"p1\"><span class=\"s1\"><b>AVISO LEGAL<\/b><\/span><\/p>\n<p class=\"p1\"><span class=\"s2\"><b>Ella Emprende<\/b> de <b>Tradex Exposiciones<\/b>, con domicilio ubicado en Mariposa 1014,<\/span><span class=\"s3\"> Gral Anaya, Benito Ju\u00e1rez, 03340 Ciudad de M\u00e9xico, CDMX<\/span><span class=\"s2\">, es el responsable del tratamiento, uso y protecci\u00f3n de sus datos personales en t\u00e9rminos del art\u00edculo 3\u00ba de la Ley Federal de Protecci\u00f3n de Datos Personales en Posesi\u00f3n de los Particulares (la \u201cLey\u201d); por lo que pone a su disposici\u00f3n el presente Aviso de Privacidad, en cumplimiento con lo establecido por el art\u00edculo 16 de la Constituci\u00f3n Pol\u00edtica de los Estados Unidos Mexicanos y dem\u00e1s art\u00edculos relativos de la Ley, as\u00ed como el Reglamento de la Ley Federal de Protecci\u00f3n de Datos Personales en Posesi\u00f3n de los Particulares y los Lineamientos del Aviso de Privacidad publicados por la Secretar\u00eda de Econom\u00eda en el Diario Oficial de la Federaci\u00f3n el 17 de enero de 2013.<\/span><\/p>\n<p class=\"p2\"><span class=\"s1\"><b>\u00bfQu\u00e9 datos personales sensibles utilizaremos?<\/b><\/span><\/p>\n<p class=\"p3\"><span class=\"s1\">De acuerdo con lo establecido en el art\u00edculo 3 fracci\u00f3n VI de la Ley, no recaba ning\u00fan dato personal de naturaleza sensible a los titulares.<\/span><\/p>\n<ul>\n<li class=\"li4\"><span class=\"s1\">Obtener los registros e informaci\u00f3n necesaria para que el Usuario pueda unirse a nuestra comunidad, ya sea a trav\u00e9s de nuestras redes sociales o nuestro\u00a0<i>Newsletter<\/i>, medios por virtud de los cuales el Usuario recibir\u00e1 informaci\u00f3n y contenido exclusivo de Ella Emprende.\u00a0<\/span><\/li>\n<\/ul>\n<p class=\"p2\"><span class=\"s1\"><b>\u00bfC\u00f3mo puede acceder, rectificar o cancelar sus datos personales, u oponerse a su uso?<\/b><\/span><\/p>\n<p class=\"p3\"><span class=\"s1\">Respecto a la informaci\u00f3n que Ella Emprende recaba, usted tiene los siguientes derechos de Acceso, Rectificaci\u00f3n, Cancelaci\u00f3n y Oposici\u00f3n (los \u201cDerechos ARCO\u201d):<\/span><\/p>\n<p class=\"p2\"><span class=\"s1\">(i)\u00a0<\/span><span class=\"s5\"><b>Derecho de Acceso:<\/b><\/span><span class=\"s1\">\u00a0conocer qu\u00e9 datos personales tiene Ella Emprende de usted, para qu\u00e9 los utilizamos y las condiciones del uso que les damos. Para el ejercicio de este derecho, usted deber\u00e1 acreditar su personalidad previa entrega de la informaci\u00f3n solicitada.<\/span><\/p>\n<p class=\"p2\"><span class=\"s1\">(ii)\u00a0<\/span><span class=\"s5\"><b>Derecho de Rectificaci\u00f3n:<\/b><\/span><span class=\"s1\">\u00a0solicitar la correcci\u00f3n de su informaci\u00f3n personal en caso de que est\u00e9 desactualizada, sea inexacta o se encuentre incompleta. Para el ejercicio de este derecho usted deber\u00e1 indicar las modificaciones a realizar y aportar la documentaci\u00f3n que sustente su petici\u00f3n.\u00a0<\/span><\/p>\n<p class=\"p2\"><span class=\"s1\">(iii)\u00a0<\/span><span class=\"s5\"><b>Derecho de Cancelaci\u00f3n:<\/b><\/span><span class=\"s1\">\u00a0solicitar que eliminemos su informaci\u00f3n de nuestros registros o bases de datos cuando considere que la misma no est\u00e1 siendo utilizada conforme a los principios, deberes y obligaciones previstas en la normativa.<\/span><\/p>\n<p class=\"p2\"><span class=\"s1\">Sin embargo, Ella Emprende no estar\u00e1 obligado a cancelar los datos personales cuando se actualice alguno de los supuestos establecidos en el art\u00edculo 26 de la Ley.<\/span><\/p>\n<p class=\"p3\"><span class=\"s1\">(iv)\u00a0<\/span><span class=\"s5\"><b>Derecho de Oposici\u00f3n:<\/b><\/span><span class=\"s1\">\u00a0oponerse al uso de sus datos personales para fines espec\u00edficos.<\/span><\/p>\n<p class=\"p1\"><span class=\"s1\"><b>PRINCIPIOS Y NORMAS <\/b><\/span><\/p>\n<p class=\"p1\"><span class=\"s1\">Ella Emprende se reserva el derecho de cualquier comentario u opiniones que se consideren inadecuados. <\/span><\/p>\n<p class=\"p1\"><span class=\"s1\">En Ella Emprende seremos muy estrictos a la hora de rechazar opiniones insultantes, xen\u00f3fobas, racistas, hom\u00f3fobas, difamatorias o de cualquier otra \u00edndole que consideremos inaceptables.<\/span><\/p>\n<p class=\"p1\"><span class=\"s1\">La discrepancia y el contraste de opiniones son elementos b\u00e1sicos del debate. Los insultos, ataques personales, descalificaciones o cualquier expresi\u00f3n o contenido que se aleje de los cauces correctos de discusi\u00f3n no tienen cabida en Ella Emprende<\/span><\/p>\n<p class=\"p1\"><span class=\"s1\">Las opiniones que se exponen son responsabilidad de la persona entrevistada y no representa a Ella Emprende ni a ninguna otra de las marcas bajo la cual operamos.<\/span><\/p>\n<p class=\"p1\"><span class=\"s1\"><b>LEY DE NO DISCRIMINACI\u00d3N<\/b><\/span><\/p>\n<p class=\"p1\"><span class=\"s1\">Queda prohibida toda discriminaci\u00f3n motivada por origen \u00e9tnico o nacional, el g\u00e9nero, las discapacidades, la condici\u00f3n social, las condiciones de salud, la religi\u00f3n, las opiniones, las preferencias sexuales, el estado civil o cualquier otra que atente contra la dignidad humana y tenga por objeto anular o menoscabar los derechos y libertades de las personas.<\/span><\/p>\n<p>[\/vc_column_text][\/vc_column][\/vc_row]<\/p>\n<\/div>","protected":false},"excerpt":{"rendered":"<p>[vc_row][vc_column][vc_column_text] AVISO LEGAL Ella Emprende de Tradex Exposiciones, con domicilio ubicado en Mariposa 1014, Gral Anaya, Benito Ju\u00e1rez, 03340 Ciudad de M\u00e9xico, CDMX, es el responsable del tratamiento, uso y [&hellip;]<\/p>\n","protected":false},"author":1,"featured_media":0,"parent":0,"menu_order":0,"comment_status":"closed","ping_status":"closed","template":"","meta":{"_monsterinsights_skip_tracking":false,"_monsterinsights_sitenote_active":false,"_monsterinsights_sitenote_note":"","_monsterinsights_sitenote_category":0,"site-sidebar-layout":"no-sidebar","site-content-layout":"plain-container","ast-site-content-layout":"","site-content-style":"default","site-sidebar-style":"default","ast-global-header-display":"","ast-banner-title-visibility":"","ast-main-header-display":"","ast-hfb-above-header-display":"","ast-hfb-below-header-display":"","ast-hfb-mobile-header-display":"","site-post-title":"disabled","ast-breadcrumbs-content":"","ast-featured-img":"disabled","footer-sml-layout":"","theme-transparent-header-meta":"default","adv-header-id-meta":"","stick-header-meta":"","header-above-stick-meta":"","header-main-stick-meta":"","header-below-stick-meta":"","astra-migrate-meta-layouts":"default","ast-page-background-enabled":"default","ast-page-background-meta":{"desktop":{"background-color":"var(--ast-global-color-4)","background-image":"","background-repeat":"repeat","background-position":"center center","background-size":"auto","background-attachment":"scroll","background-type":"","background-media":"","overlay-type":"","overlay-color":"","overlay-opacity":"","overlay-gradient":""},"tablet":{"background-color":"","background-image":"","background-repeat":"repeat","background-position":"center center","background-size":"auto","background-attachment":"scroll","background-type":"","background-media":"","overlay-type":"","overlay-color":"","overlay-opacity":"","overlay-gradient":""},"mobile":{"background-color":"","background-image":"","background-repeat":"repeat","background-position":"center center","background-size":"auto","background-attachment":"scroll","background-type":"","background-media":"","overlay-type":"","overlay-color":"","overlay-opacity":"","overlay-gradient":""}},"ast-content-background-meta":{"desktop":{"background-color":"var(--ast-global-color-5)","background-image":"","background-repeat":"repeat","background-position":"center center","background-size":"auto","background-attachment":"scroll","background-type":"","background-media":"","overlay-type":"","overlay-color":"","overlay-opacity":"","overlay-gradient":""},"tablet":{"background-color":"var(--ast-global-color-5)","background-image":"","background-repeat":"repeat","background-position":"center center","background-size":"auto","background-attachment":"scroll","background-type":"","background-media":"","overlay-type":"","overlay-color":"","overlay-opacity":"","overlay-gradient":""},"mobile":{"background-color":"var(--ast-global-color-5)","background-image":"","background-repeat":"repeat","background-position":"center center","background-size":"auto","background-attachment":"scroll","background-type":"","background-media":"","overlay-type":"","overlay-color":"","overlay-opacity":"","overlay-gradient":""}},"_price":"","_stock":"","_tribe_ticket_header":"","_tribe_default_ticket_provider":"","_tribe_ticket_capacity":"0","_ticket_start_date":"","_ticket_end_date":"","_tribe_ticket_show_description":"","_tribe_ticket_show_not_going":false,"_tribe_ticket_use_global_stock":"","_tribe_ticket_global_stock_level":"","_global_stock_mode":"","_global_stock_cap":"","_tribe_rsvp_for_event":"","_tribe_ticket_going_count":"","_tribe_ticket_not_going_count":"","_tribe_tickets_list":"[]","_tribe_ticket_has_attendee_info_fields":false,"footnotes":"","_tec_slr_enabled":"","_tec_slr_layout":""},"class_list":["post-27093","page","type-page","status-publish","hentry"],"ticketed":false,"_links":{"self":[{"href":"https:\/\/www.expomanualidades.info\/guadalajara\/wp-json\/wp\/v2\/pages\/27093","targetHints":{"allow":["GET"]}}],"collection":[{"href":"https:\/\/www.expomanualidades.info\/guadalajara\/wp-json\/wp\/v2\/pages"}],"about":[{"href":"https:\/\/www.expomanualidades.info\/guadalajara\/wp-json\/wp\/v2\/types\/page"}],"author":[{"embeddable":true,"href":"https:\/\/www.expomanualidades.info\/guadalajara\/wp-json\/wp\/v2\/users\/1"}],"replies":[{"embeddable":true,"href":"https:\/\/www.expomanualidades.info\/guadalajara\/wp-json\/wp\/v2\/comments?post=27093"}],"version-history":[{"count":0,"href":"https:\/\/www.expomanualidades.info\/guadalajara\/wp-json\/wp\/v2\/pages\/27093\/revisions"}],"wp:attachment":[{"href":"https:\/\/www.expomanualidades.info\/guadalajara\/wp-json\/wp\/v2\/media?parent=27093"}],"curies":[{"name":"wp","href":"https:\/\/api.w.org\/{rel}","templated":true}]}}