{"id":115,"date":"2017-11-15T17:51:16","date_gmt":"2017-11-15T23:51:16","guid":{"rendered":"http:\/\/tradex.mx\/manualidades\/veracruz\/?page_id=115"},"modified":"2025-10-28T15:37:26","modified_gmt":"2025-10-28T21:37:26","slug":"que-es","status":"publish","type":"page","link":"https:\/\/www.expomanualidades.info\/guadalajara\/que-es\/","title":{"rendered":"\u00bfQu\u00e9 es?"},"content":{"rendered":"<div class=\"wpb-content-wrapper\"><p>[vc_row][vc_column width=&#8221;1\/2&#8243;][vc_column_text css=&#8221;&#8221;]<\/p>\n<div style=\"text-align: justify;\"><strong>Expo Manualidades Guadalajara<\/strong> es la expo de manualidades m\u00e1s importante del Baj\u00edo, conecta a las principales empresas, fabricantes, importadoras, distribuidoras, negocios y maestros de diferentes t\u00e9cnicas y materiales, con tiendas, promotores, apasionados de las artes manuales, as\u00ed como profesores y estudiantes de arte y dise\u00f1o.<\/div>\n<p>[\/vc_column_text][vc_row_inner][vc_column_inner width=&#8221;1\/2&#8243;][vc_custom_heading text=&#8221;Costo de Entrada&#8221; font_container=&#8221;tag:h4|text_align:center|color:%2301536b&#8221; use_theme_fonts=&#8221;yes&#8221;][vc_column_text css=&#8221;&#8221;]<\/p>\n<p class=\"v1MsoNormal\" style=\"text-align: center;\">M\u00e1s informaci\u00f3n pr\u00f3ximamente<\/p>\n<p>[\/vc_column_text][\/vc_column_inner][vc_column_inner width=&#8221;1\/2&#8243; css=&#8221;.vc_custom_1513636525032{margin-left: 10px !important;padding-bottom: 53px !important;}&#8221;][vc_custom_heading text=&#8221;Horario de Exposici\u00f3n&#8221; font_container=&#8221;tag:h4|text_align:center|color:%2301536b&#8221; use_theme_fonts=&#8221;yes&#8221;][vc_column_text css=&#8221;&#8221;]<\/p>\n<p style=\"text-align: center;\"><strong>27 al 29 Agosto 2026<\/strong><br \/>\nDe 10:00 a 20:00 hrs<br \/>\nExpo Guadalajara<br \/>\nGuadalajara, Jalisco<\/p>\n<p>[\/vc_column_text][\/vc_column_inner][\/vc_row_inner][\/vc_column][vc_column width=&#8221;1\/2&#8243;][vc_gallery type=&#8221;nivo&#8221; interval=&#8221;3&#8243; images=&#8221;1303,1307,1314,1316,1320,1330,1334,1343,1348,1360,1354,1353&#8243; img_size=&#8221;full&#8221; css=&#8221;.vc_custom_1562862300733{padding-top: 25px !important;}&#8221;][\/vc_column][\/vc_row][vc_row css=&#8221;.vc_custom_1761687443792{margin-top: 0px !important;padding-top: 0px !important;}&#8221;][vc_column][vc_column_text]<\/p>\n<h4 style=\"text-align: center;\"><strong>Ponemos a tu alcance la m\u00e1s grande oferta de productos, t\u00e9cnicas y capacitaci\u00f3n.<\/strong><\/h4>\n<p>[\/vc_column_text][vc_column_text]<\/p>\n<h4>Encontrar\u00e1s proveedores y distribuidores de:<\/h4>\n<ul class=\"expositores\">\n<li>\u00c1lbumes<\/li>\n<li>Artesan\u00edas<\/li>\n<li>Blancos<\/li>\n<li>Calcoman\u00edas<\/li>\n<li>Cer\u00e1mica<\/li>\n<li>Cester\u00eda<\/li>\n<li>Cintas<\/li>\n<li>Cortadores<\/li>\n<li>Cuentas<\/li>\n<li>Reposter\u00eda<\/li>\n<li>Encajes<\/li>\n<li>Esencias<\/li>\n<li>Estambres<\/li>\n<li>Estiletes<\/li>\n<li>Figuras de Vidrio<\/li>\n<li>Filigrana<\/li>\n<li>Fieltro<\/li>\n<li>Foami<\/li>\n<li>Globos<\/li>\n<li>Hilos<\/li>\n<li>Herramientas<\/li>\n<li>Joyer\u00eda<\/li>\n<li>Jabones<\/li>\n<li>Listones<\/li>\n<li>Manta<\/li>\n<li>Maquinaria<\/li>\n<li>Marcadores<\/li>\n<li>Miniaturas<\/li>\n<li>Madera<\/li>\n<li>Country<\/li>\n<li>Magn\u00e9ticos<\/li>\n<li>Mo\u00f1os<\/li>\n<li>Mu\u00f1ecas<\/li>\n<li>Pasta Flexible<\/li>\n<li>Pegamentos<\/li>\n<li>Peluche<\/li>\n<li>Perforadoras<\/li>\n<li>Pigmentos<\/li>\n<li>Pinceles<\/li>\n<li>Plantillas<\/li>\n<li>Pinturas<\/li>\n<li>Quilting<\/li>\n<li>Repujado<\/li>\n<li>Resinas<\/li>\n<li>Revistas Especializadas<\/li>\n<li>Servilletas<\/li>\n<li>Suajes<\/li>\n<li>Tarjeter\u00eda<\/li>\n<li>Telas<\/li>\n<li>Tijeras<\/li>\n<li>Tintas<\/li>\n<li>Tira\u00a0Bordada<\/li>\n<li>Unicel<\/li>\n<li>Velas<\/li>\n<li>Vitral<\/li>\n<li>Yute<\/li>\n<\/ul>\n<p>[\/vc_column_text][\/vc_column][\/vc_row]<\/p>\n<\/div>","protected":false},"excerpt":{"rendered":"<p>[vc_row][vc_column width=&#8221;1\/2&#8243;][vc_column_text css=&#8221;&#8221;] Expo Manualidades Guadalajara es la expo de manualidades m\u00e1s importante del Baj\u00edo, conecta a las principales empresas, fabricantes, importadoras, distribuidoras, negocios y maestros de diferentes t\u00e9cnicas y [&hellip;]<\/p>\n","protected":false},"author":1,"featured_media":0,"parent":0,"menu_order":0,"comment_status":"closed","ping_status":"closed","template":"","meta":{"_monsterinsights_skip_tracking":false,"_monsterinsights_sitenote_active":false,"_monsterinsights_sitenote_note":"","_monsterinsights_sitenote_category":0,"site-sidebar-layout":"no-sidebar","site-content-layout":"plain-container","ast-site-content-layout":"normal-width-container","site-content-style":"unboxed","site-sidebar-style":"unboxed","ast-global-header-display":"","ast-banner-title-visibility":"","ast-main-header-display":"","ast-hfb-above-header-display":"","ast-hfb-below-header-display":"","ast-hfb-mobile-header-display":"","site-post-title":"disabled","ast-breadcrumbs-content":"","ast-featured-img":"disabled","footer-sml-layout":"","theme-transparent-header-meta":"default","adv-header-id-meta":"","stick-header-meta":"","header-above-stick-meta":"","header-main-stick-meta":"","header-below-stick-meta":"","astra-migrate-meta-layouts":"set","ast-page-background-enabled":"default","ast-page-background-meta":{"desktop":{"background-color":"var(--ast-global-color-4)","background-image":"","background-repeat":"repeat","background-position":"center center","background-size":"auto","background-attachment":"scroll","background-type":"","background-media":"","overlay-type":"","overlay-color":"","overlay-opacity":"","overlay-gradient":""},"tablet":{"background-color":"","background-image":"","background-repeat":"repeat","background-position":"center center","background-size":"auto","background-attachment":"scroll","background-type":"","background-media":"","overlay-type":"","overlay-color":"","overlay-opacity":"","overlay-gradient":""},"mobile":{"background-color":"","background-image":"","background-repeat":"repeat","background-position":"center center","background-size":"auto","background-attachment":"scroll","background-type":"","background-media":"","overlay-type":"","overlay-color":"","overlay-opacity":"","overlay-gradient":""}},"ast-content-background-meta":{"desktop":{"background-color":"var(--ast-global-color-5)","background-image":"","background-repeat":"repeat","background-position":"center center","background-size":"auto","background-attachment":"scroll","background-type":"","background-media":"","overlay-type":"","overlay-color":"","overlay-opacity":"","overlay-gradient":""},"tablet":{"background-color":"var(--ast-global-color-5)","background-image":"","background-repeat":"repeat","background-position":"center center","background-size":"auto","background-attachment":"scroll","background-type":"","background-media":"","overlay-type":"","overlay-color":"","overlay-opacity":"","overlay-gradient":""},"mobile":{"background-color":"var(--ast-global-color-5)","background-image":"","background-repeat":"repeat","background-position":"center center","background-size":"auto","background-attachment":"scroll","background-type":"","background-media":"","overlay-type":"","overlay-color":"","overlay-opacity":"","overlay-gradient":""}},"_price":"","_stock":"","_tribe_ticket_header":"","_tribe_default_ticket_provider":"","_tribe_ticket_capacity":"0","_ticket_start_date":"","_ticket_end_date":"","_tribe_ticket_show_description":"","_tribe_ticket_show_not_going":false,"_tribe_ticket_use_global_stock":"","_tribe_ticket_global_stock_level":"","_global_stock_mode":"","_global_stock_cap":"","_tribe_rsvp_for_event":"","_tribe_ticket_going_count":"","_tribe_ticket_not_going_count":"","_tribe_tickets_list":"[]","_tribe_ticket_has_attendee_info_fields":false,"footnotes":"","_tec_slr_enabled":"","_tec_slr_layout":""},"class_list":["post-115","page","type-page","status-publish","hentry"],"ticketed":false,"_links":{"self":[{"href":"https:\/\/www.expomanualidades.info\/guadalajara\/wp-json\/wp\/v2\/pages\/115","targetHints":{"allow":["GET"]}}],"collection":[{"href":"https:\/\/www.expomanualidades.info\/guadalajara\/wp-json\/wp\/v2\/pages"}],"about":[{"href":"https:\/\/www.expomanualidades.info\/guadalajara\/wp-json\/wp\/v2\/types\/page"}],"author":[{"embeddable":true,"href":"https:\/\/www.expomanualidades.info\/guadalajara\/wp-json\/wp\/v2\/users\/1"}],"replies":[{"embeddable":true,"href":"https:\/\/www.expomanualidades.info\/guadalajara\/wp-json\/wp\/v2\/comments?post=115"}],"version-history":[{"count":5,"href":"https:\/\/www.expomanualidades.info\/guadalajara\/wp-json\/wp\/v2\/pages\/115\/revisions"}],"predecessor-version":[{"id":28063,"href":"https:\/\/www.expomanualidades.info\/guadalajara\/wp-json\/wp\/v2\/pages\/115\/revisions\/28063"}],"wp:attachment":[{"href":"https:\/\/www.expomanualidades.info\/guadalajara\/wp-json\/wp\/v2\/media?parent=115"}],"curies":[{"name":"wp","href":"https:\/\/api.w.org\/{rel}","templated":true}]}}